git of v(-5)?
4
Let o(y) = 2*y**2 - 8*y - 7. What is the tens digit of o(9)?
8
Suppose 0 = g - 3*s - 69, s = g - 4*s - 73. What is the units digit of g?
3
Let l(x) = -5*x**3 + 2*x**2 - 1. Let a = -3 - -2. What is the units digit of l(a)?
6
Let q = -1123 - -343. Let v(b) = b**3 - b**2 + b - 11. Let t be v(0). What is the units digit of q/(-55) + 2/t?
4
Suppose 10*a = 5*a + 25. Let r(q) = -q + 10. Let n be r(a). Suppose -21 = 2*g - n*g. What is the units digit of g?
7
Suppose -3*s - 21 = 2*a, a + 5*s + 21 = -0*s. Let f be (-6 - 1)/(-5 - a). Let h = 20 + f. What is the units digit of h?
3
Suppose 1342 = 7*o - 93. What is the units digit of o?
5
Let p be 18/4*(-2)/(-3). Suppose -2*v + p = -13. What is the units digit of v?
8
Let p(h) = -5*h - h + h**2 + h - 11. Let u = 34 - 26. What is the tens digit of p(u)?
1
Let i = -3 + 3. Suppose 3*j - 33 - 15 = i. What is the units digit of j?
6
Let y be (2/(-3))/((-4)/30). Suppose -2*j + 5 + y = 0. What is the units digit of j?
5
Suppose -12 - 8 = -5*l. Suppose l*x - 15 = x. What is the units digit of x?
5
Let k(g) = 5*g**3 + 23*g**2 - 27*g + 4. Let d(w) = -w**3 - 6*w**2 + 7*w - 1. Let r(j) = 9*d(j) + 2*k(j). What is the units digit of r(7)?
3
Suppose 0 = -4*s + 310 + 218. What is the hundreds digit of s?
1
Suppose -2*v + 20 = 3*v. Let n(z) = -2*z + 4. Let o be n(v). Let g = 0 - o. What is the units digit of g?
4
Suppose -4*r + 6*r - 4*m = 388, 615 = 3*r + 5*m. What is the hundreds digit of r?
2
Let n = 307 - 201. What is the tens digit of n?
0
Let k(s) = s**3 + 5*s**2 - s - 3. Let n be k(-5). Let v(c) = 2*c**2 - 2. Let u be v(n). Let m = u + -2. What is the units digit of m?
4
Suppose 3*r - 8*r + 28 = f, -35 = -5*f - 4*r. Let c be (0 - (-6)/(-3)) + f. Suppose 3*m - c - 5 = 0. What is the units digit of m?
2
Let q(r) = 5*r - 3 + r**2 + 5 + 7. What is the units digit of q(-8)?
3
Let r(u) = -7*u + 1. Let j be r(-6). Suppose j = 3*g - 5*s, 11 + 22 = 3*g - 3*s. Let o = g + -2. What is the units digit of o?
4
Suppose 0 = -0*v - 2*v + 22. Let p be (-15)/10*24/4. Let x = p + v. What is the units digit of x?
2
Suppose -2*c + 17 = -w, -1 = 3*c - 2*w - 28. What is the units digit of c?
7
Suppose 5*l - 210 - 70 = 0. Let y = l + -5. What is the tens digit of y?
5
Let u = -2 + 8. Suppose u*d - 100 = d. What is the units digit of d?
0
Let f(k) = 2 + 10*k - 1 - 1 + 1. What is the tens digit of f(3)?
3
Let u(o) = -10*o - 1. What is the units digit of u(-1)?
9
Let g(a) = a**3 - 6*a**2 + 7*a - 3. Suppose 0 - 1 = y. Let z be ((-4)/(-4))/(y/(-5)). What is the units digit of g(z)?
7
Let p(n) = -10*n - 56. What is the tens digit of p(-10)?
4
Let y = -11 + -3. What is the tens digit of 2/3*-3 - y?
1
Let g be (8/3)/((-6)/(-9)). Suppose 0 = 2*f + 4*k - 18 - 22, 3*f - g*k - 40 = 0. What is the units digit of f?
6
Let m = -323 - -590. What is the tens digit of m?
6
Let q = 16 - 10. Suppose -15 = 3*t - 6. What is the units digit of 45*((-16)/q - t)?
5
Let f(u) = 4*u**2 + 1. Let j be f(1). Suppose j*w - 2 = 63. What is the units digit of w?
3
Let c(i) = -i**2 - 6*i - 3. Let j be c(-3). Let z = j - -11. What is the tens digit of z?
1
Let c(a) = a**3 - 7*a**2 - 4*a + 3. Let p be c(8). Let q = -23 + p. What is the tens digit of q?
1
Let a(s) = -s**2 - 4*s + 5. Let d be a(-4). Suppose -x = -d*j - 14 + 49, 5*x = 0. What is the units digit of j?
7
Let q = 405 + -284. What is the hundreds digit of q?
1
Let p(f) be the first derivative of f**4/4 + 8*f**3/3 - f**2/2 - 6*f - 3. Let y(m) = m**2 + 8*m + 7. Let q be y(-5). What is the units digit of p(q)?
2
Let d(m) = -3*m + 1. Suppose -4*j - a = 31, j + a - 6*a - 8 = 0. What is the units digit of d(j)?
2
Let u be (3 + -8 + 2)*-1. Suppose -11 = -3*m - b, -u*b = -8*m + 3*m - 5. What is the units digit of m?
2
Let l(d) = -7*d**3 + 3*d**2 + 9*d - 13. Let q(s) = 13*s**3 - 6*s**2 - 17*s + 25. Let r(y) = 11*l(y) + 6*q(y). What is the tens digit of r(5)?
4
Let w(d) = 2*d - 1. Suppose -5 - 2 = -m + g, -4*m + 2*g + 20 = 0. Let x = -1 + m. What is the units digit of w(x)?
3
Suppose 3*l + 2*r + 3*r = 27, 3*l - 18 = -2*r. Suppose 0 = -2*h + l + 2. What is the units digit of h?
3
Suppose -2*u - 3*u + 15 = 0. Let c(x) = 2*x - 2 + 0*x + 4 + u*x**2 - 3*x. What is the units digit of c(-2)?
6
Suppose -4*a - 2*j + 742 = 0, 2*j - 381 = -2*a - j. What is the units digit of a?
3
Suppose -4*v + 46 = s, -3*v + v = -4. What is the units digit of s?
8
Let b(l) = -l**2 + 7*l + 10. What is the units digit of b(7)?
0
Let x(u) = 5*u**2 - 4*u**3 + 5*u**3 + 15*u - 5*u**2 + 18*u**2 + 11. What is the tens digit of x(-17)?
4
Let m(h) = -2*h - 1. Let u be m(-7). Let x = 21 - u. Let r = x - 4. What is the units digit of r?
4
Suppose 4*z = -18 - 22. Let u = z + 40. What is the units digit of u?
0
Suppose -4*o + 256 = 4*u, 0 = -3*o + 3*u - 128 + 314. What is the tens digit of o?
6
Suppose 4*z - 4*o = -11 - 1, -2*z = 5*o + 13. Suppose 0 = 5*k - 0*k + 30. Let n = z - k. What is the units digit of n?
2
Suppose -22*w + 21*w = -16. What is the tens digit of w?
1
Suppose -3*f - o = 2*f - 19, 3*o + 7 = f. What is the units digit of f?
4
Let f(u) = -u**2 - u + 2. Let b be f(-2). Let m = b + 1. What is the units digit of 7 + m + 0/(-2)?
8
Let t = 68 + -33. Let z be 655/t - (-4)/14. Let p = z - 13. What is the units digit of p?
6
Let w be ((-3)/2)/(1/(-2)). Suppose 3*o + 15 = -w*m, -o - 4*m = 11 + 9. Suppose o*q = -5*q + 25. What is the units digit of q?
5
Let n = -167 - -290. What is the tens digit of n?
2
Suppose 3*h - 7*h = -336. What is the units digit of h?
4
Let u be 1 + 12/(-15)*-5. Suppose 3*l = 4*l + 11. Let v = u - l. What is the units digit of v?
6
What is the hundreds digit of 42/4*(-3 - -17)?
1
Let r(v) = 3*v**3 - 7*v**2 + 5*v + 7. What is the units digit of r(4)?
7
Suppose 4*s - 95 = 3*s + 4*v, 0 = s - 5*v - 94. What is the units digit of s?
9
Let a(x) = 46*x**2 - x. What is the units digit of a(1)?
5
Let u = -2 - -5. Let a(g) = 2*g - 4. Let p be a(u). What is the tens digit of ((-85)/10)/((-1)/p)?
1
Let a = 8 - 6. Suppose 2*z - 16 = -3*o, -6 = -5*o + 3*z + 46. Suppose j + o = a*j. What is the units digit of j?
8
Suppose -3*j + 20 = -q, -j - 17 + 2 = 4*q. Suppose -j*y + 2 = -3. What is the units digit of y?
1
Let l be ((-12)/(-16))/(6/16). Suppose -46 = -4*i + l*i. What is the tens digit of i?
2
Let b(s) = s**2 - 6*s + 1. Let w be b(6). What is the units digit of ((-1)/w)/(6/(-72))?
2
Suppose 0 = c + 5*p - 38, -30 = -8*c + 7*c - p. What is the units digit of c?
8
Let n(x) = -4*x - 13. Let c = -7 + 0. What is the units digit of n(c)?
5
Let a = 17 + -12. Suppose -g - 1 = 3*u - u, 21 = a*g - 3*u. Suppose 2*k = 5*k - g. What is the units digit of k?
1
Suppose 0 = 2*l + 4*q - 16, 0*q - 21 = -3*l - 3*q. Let g(z) = -z**3 + 7*z**2 - 4*z - 7. What is the units digit of g(l)?
5
Let n be (-4)/(-10) + (-128)/20. Suppose -6 = m - 2*x, -5*m - x - 45 = 4*x. What is the units digit of n*(2 + m/3)?
4
Suppose -3*q + 136 = g, -2*q - 3*q = -g - 232. What is the units digit of q?
6
Suppose -2*a + 90 = z, -3*z + 75 = 3*a - 207. Suppose 13 = -5*p + z. What is the units digit of p?
7
Let a(z) = z**3 - 11*z**2 + 10*z - 1. Let d be a(10). Let m be (1/1)/(2/(-6)). What is the units digit of -13*(2 - m/d)?
3
What is the tens digit of ((-1)/(-3))/((-4)/(-540))?
4
Let b(x) = x**3 - 8*x**2 + 11*x - 5. Let o be b(7). Suppose -17 = -4*j + o. What is the tens digit of j?
1
Let b(c) = 23*c**2 + 6*c - 6. What is the hundreds digit of b(-3)?
1
Let v = -29 - -62. What is the units digit of v?
3
Let j(u) = -u**2 + 19*u - 5. What is the tens digit of j(15)?
5
Let s(d) = -6*d**2 - 9*d + 19. Let q(a) = a**2 + 2*a - 4. Let y(f) = -11*q(f) - 2*s(f). Suppose 20 = 6*k - k. What is the units digit of y(k)?
6
What is the units digit of (-24)/6 - (-12 - -1)?
7
Suppose -2 = -u - 8. Let q(g) = -g**2 - 6*g + 1. What is the units digit of q(u)?
1
Let f(i) = -i**3 - 5*i**2 + 2*i - 7. Suppose 2*m = -6 - 6. What is the tens digit of f(m)?
1
Suppose -2*c = -0*c. Let y(m) = 3 - 1 + 5*m - 4*m. What is the units digit of y(c)?
2
Suppose -2*c = -0*c + 20. Let k be 4 - 5 - (17 + 1). Let h = c - k. What is the units digit of h?
9
Let d = 8 + -4. Suppose -d*t - 5 = -5*k + 51, k = 5*t + 7. What is the tens digit of k?
1
Suppose 3*t = t + 4. What is the units digit of t?
2
Let f be 1 + 1 - -2